49*h**2/2 - 286*h + 3. Give l(0).
49
Let r = -13981 - -13984. Let q(z) be the first derivative of 4*z + 1/3*z**r + 3*z**2 + 18. Give q(-5).
-1
Let i(w) be the first derivative of -8*w**3/3 - w**2/2 + w - 10113. Suppose 0 = 3*h - h - 2. Calculate i(h).
-8
Let k(f) = 5*f**2 + 18*f + 3. Let q be k(-4). Let r(m) = -18*m + 205. What is r(q)?
7
Let v(a) = 2*a**3 + 7*a**2 + a - 2. Let h(c) = -15*c**3 - 88*c**2 + 79*c + 19. Let u(z) = h(z) + 8*v(z). What is u(29)?
3
Let v(n) = -n**2 - 3*n - 14. Suppose 2*c + 30 = 4*d, -3*c + 15 = 3*d + d. Let t(p) = -p**2 - 4*p - 12. Let b(i) = d*t(i) - 5*v(i). Determine b(-7).
12
Let b = -27437 - -27439. Let x(k) = -2*k + 43. Calculate x(b).
39
Let p(l) = -4*l + 3*l + 4*l. Let v = -153 - -298. Let j be (1*-3)/(-13 - v/(-10)). Calculate p(j).
-6
Let w(q) = q**2 - 2182*q + 17382. Let i be w(8). Let o(r) = r**2 + 10*r - 31. What is o(i)?
-31
Let j(s) = -s**2 + 10*s + 9. Let i = -2471 + 2482. Give j(i).
-2
Let v(g) = 5*g**3 + 41*g**2 + 5*g - 8. Let n be v(-8). Let f(x) = -x + 2*x - 4*x + 0*x + 4*x + n. What is f(-10)?
6
Let m(u) = 10*u + 18*u**2 - 167*u**3 + 172*u**3 + 5 - 12*u**2. Let q(o) = o**2 + 2*o + 1. Let n(k) = m(k) - 6*q(k). Give n(-1).
-4
Let l(w) = 69*w**2 - 37*w**2 - 5*w - 31*w**2. Suppose 0 = -k + 2*r - 25, -5*k + 2*r + 2*r = 149. Let f = k + 37. Give l(f).
-4
Let p(y) = -3*y**2 + 7*y + 2. Suppose 7 = 5*g + 3*v, -g + 23 = 2771*v - 2774*v. Determine p(g).
-38
Let k(z) = -3*z - 16. Let o be k(-4). Let l(m) be the second derivative of -1/3*m**3 - 1/20*m**5 + 0 - 3*m**2 - 1/4*m**4 + 2*m. Calculate l(o).
18
Suppose q - 4*q + 6 = 0. Let j = -54 - -77. Let w(v) = 10*v**2 + 2*v**3 - j*v**2 + 7*v**2 + 8*v**2. Calculate w(q).
24
Let n(q) be the second derivative of -q**3/6 + 7*q**2/2 + 110*q - 3. Give n(5).
2
Let p(l) = 2*l**3 - 9*l**2 + l + 22. Let f(c) = 4*c**3 - 12*c**2 + 35. Let n(s) = 2*f(s) - 3*p(s). Let z(k) = -k**2 - 6*k - 3. Let r be z(-6). Calculate n(r).
-14
Let g(p) = 5*p**2 + 0*p - 7 - 2*p + 28*p - 4*p**2 - 9*p - 5*p. Let y = -30 - -18. Calculate g(y).
-7
Let h(g) = g**3 + 13*g**2 - 12*g + 17. Let a(o) = -14*o**2 - 117*o - 20. Let y be a(-8). Suppose 4*z - y = 2*v, 3*v + 2*z = -49 + 3. Give h(v).
-11
Let d(u) = 2*u**2 - 6*u - 3. Suppose 3*w + 5*c = -11, -78*c - 24 = -4*w - 75*c. Calculate d(w).
-3
Let h(c) = c**2 - 8*c + 5. Let j be h(6). Let u(n) = -n**3 - 7*n**2 - 2*n - 6. Let x be u(j). Let k(l) = l**2 - 10*l - 3. Give k(x).
-19
Suppose -6 = -40*i - 6. Suppose -37*c - 1 + 1 = i. Let k(u) = u**2 + u - 43. What is k(c)?
-43
Let r(g) = -5*g + 19. Suppose 2*t - 93 + 69 = 0. Determine r(t).
-41
Let l(o) be the second derivative of -o**5/20 - o**3/6 + 51*o**2/2 + 43*o + 26. What is l(0)?
51
Let a(p) = 5*p - 5. Let z(o) = -5*o**2. Let m be z(1). Let j(i) = 4*i - 4. Let d(q) = m*a(q) + 6*j(q). Let r(v) = 203*v - 603. Let b be r(3). Give d(b).
-5
Let o be 1 + 1 + (5 - 5). Let y(v) = -6*v**o + 3*v - 11*v**2 + v**3 - 8 + 24*v**2. What is y(-6)?
10
Suppose 14*v = 237 - 52 + 165. Let j(u) = u**3 - 26*u**2 + 27*u - 72. Give j(v).
-22
Let o(x) = -12*x + 3*x + 3*x. Let a = 399 - 399. Suppose 131*f - 138*f - 21 = a. What is o(f)?
18
Let j(y) = -2 + 5*y**2 + 4*y - y - 9*y + 7*y. Let o be j(1). Let l(d) = -2 - d**3 - 21*d**2 + 2 - 3 + 17*d**2 + 2*d**3 - 2*d. What is l(o)?
-11
Let a = -25 + 82. Let b = -55 + a. Let m(y) = -2*y - b*y**2 + 2 - 5*y**2 + y**3 - 7*y**2 + 16*y**2. Calculate m(-3).
-1
Suppose i - 8 = 4*c, -c = 5*i + 4*c + 85. Let a(q) = -2*q - 43. Calculate a(i).
-19
Let b = -805 - -832. Let z(h) = -h**3 + 28*h**2 - 26*h - 25. Give z(b).
2
Let d be ((-6 - -2)/(-8))/(2/4). Suppose -3*g + 13 = d. Let l(z) = -4*z - 8*z - g + 17*z - 7*z. Give l(-4).
4
Let a(q) be the first derivative of 43*q**2/2 + 426*q + 10441. Determine a(-10).
-4
Let c(s) = 3*s + 2. Let h(g) = g + 1. Let v(b) = c(b) - 6*h(b). Let p be (84/70)/((176/40)/(-11)). Give v(p).
5
Let r(t) = 2*t**2 + 8*t + 4. Let g(v) = 5*v**2 + 23*v + 13. Let o(w) = 5*w**2 + 16*w + 6. Let y be o(-3). Let l(b) = y*g(b) - 8*r(b). Determine l(5).
7
Let a(w) = w**3 + 13*w**2 - 30*w - 10. Let r = 1783 - 1798. What is a(r)?
-10
Let a(k) = 236 - k**3 - 42*k - 65 - 177 + 14*k**2. What is a(4)?
-14
Let t be ((1 - 0)/(60/24))/((-112)/8680). Let r(a) = a**3 + 33*a**2 + 63*a + 21. Calculate r(t).
-10
Let z(f) be the first derivative of -f**7/840 + f**6/360 + f**5/120 - f**4/12 - 2*f**3 + 3*f - 30. Let v(a) be the third derivative of z(a). Give v(-2).
8
Let k be (-22)/(-4) + ((-198)/(-12))/(-33). Let x(b) be the third derivative of 0*b - 1/60*b**k + 0*b**3 + 0*b**4 - 3*b**2 + 0. Give x(2).
-4
Let n(x) be the second derivative of x**7/2520 + 7*x**6/360 + x**5/120 + x**4/2 - 132*x. Let m(s) be the third derivative of n(s). Determine m(-14).
1
Let z be 20*130/40*(-5)/25. Let y(c) = 0*c**2 - c**2 - 15 + 2*c**2 + 12*c. Calculate y(z).
-2
Let z(i) = i**3 - 21*i**2 + i - 21. Suppose -64 = 120*o - 124*o + 5*s, -5*o + s = -101. Give z(o).
0
Let w(x) be the second derivative of 0*x**3 + 2 - 13*x + 1/2*x**2 - 1/2*x**4 + 1/20*x**5. What is w(4)?
-31
Let l(i) be the third derivative of -i**6/120 + i**3/6 + 1162*i**2. Calculate l(-2).
9
Suppose 3*b = 12*p - 13*p + 7, -7 = -3*p + 5*b. Let x(l) = -l**3 + 2*l**2 + 12*l - 13. Calculate x(p).
3
Let x(t) = -3*t**3 + 15*t**2 + 6*t + 42. Let u(f) = 2*f**3 - 18*f**2 - 5*f - 45. Let a(g) = 4*u(g) + 3*x(g). What is a(-27)?
0
Let y be (-11 - (10 + -7)) + -7. Let r be 2 + y/7 - -15. Let x(h) = -2*h + 20. Determine x(r).
-8
Let b(j) = 2*j + 15. Suppose -4*i - d - 13 = 0, -d = -24 + 21. Calculate b(i).
7
Let t(a) be the first derivative of a**3/3 - 7*a**2/2 - 60*a - 1164. Give t(-6).
18
Let z(y) = 0*y**2 + 3*y**2 + 2*y**2 - 11*y**2 + 0*y**2. Give z(-3).
-54
Let g(w) be the second derivative of w**5/20 + 3*w**4/4 + 7*w**3/6 - 2*w**2 - 87*w + 4. What is g(-8)?
4
Let o(r) = -12*r + 9. Let b(n) = 55*n - 40. Let p(v) = -9*b(v) - 40*o(v). Calculate p(4).
-60
Let k(l) = l**2 + 8*l - 6. Let f(o) = -o**3 - 5*o**2 + 13*o - 14. Let d be f(-7). Determine k(d).
-13
Let z(c) be the second derivative of c**5/20 - c**4/2 + 7*c**2/2 + c. Let u = -497 + 499. Let f be u/((-6)/12 - (-15)/18). Determine z(f).
7
Let l(s) = -24*s**2 + 4*s + 53*s**2 + 20 - 2 + 7*s - 24*s**2. Let g(n) = 7*n**2 + 13*n + 19. Let o(r) = 3*g(r) - 4*l(r). Determine o(7).
-1
Suppose -3*t + 19 = -5*g, 5*t - 5 = -5*g - 0. Let z(x) = -t*x + 20 + 12 - 54 + 21. Determine z(-3).
8
Let y(v) = -81 + 3*v - 75 + v**3 + 153. Determine y(0).
-3
Let s(z) = 2*z + 2. Let k(o) = o**3 + 12*o**2 + 2*o + 19. Let t = -254 - -242. Let j be k(t). Give s(j).
-8
Let g(v) = -4*v + 10 - 4*v + 0*v + 3*v + v. Give g(-21).
94
Let z = 4408 + -4405. Let k(o) be the second derivative of -1/4*o**5 + 0*o**4 + 39*o + 0 - 1/2*o**2 - 1/6*o**z. What is k(-1)?
5
Let r(u) = -6*u**2 + 9 + 2*u - 4*u**2 - 5*u**3 + 4*u**3. Let w be 70/(-7) + 9 - (20 + -1). Let q be (w/3)/(12 - 34/3). Determine r(q).
-11
Let o(n) = -n - 8. Let t(y) = -y**3 - y**2 + 3*y + 3. Let j be (-3*(-5)/(-15))/1. Let a be t(j). What is o(a)?
-8
Let y(v) = 4*v + 12*v**2 - 3*v + v - 4*v + 1. Suppose -342*z + 397 = 117*z - 62*z. Calculate y(z).
11
Let n be (16/10)/(20/(-50)). Let p be ((15/12)/5)/(n/(-16)). Let b(g) = p + 2 - g + 1. What is b(6)?
-2
Let m be -2*((-24)/(-20))/(16/60). Let p(z) = z**3 + z. Let v be p(1). Let h = m + v. Let k(s) = s**2 + 6*s + 4. What is k(h)?
11
Suppose -365*t + 164*t + 2*t = 284*t. Let d(o) = 24*o + 10. Give d(t).
10
Let x(k) be the first derivative of -2*k**2 - 13*k + 2433. Calculate x(2).
-21
Suppose 59 = 13*f + 5 + 2. Let j(w) = -w**3 + 2*w**2 + 6*w + 3. Give j(f).
-5
Let p(x) = -x**2 - 8*x - 1. Let b(v) = v**2 - 17*v + 24. Let g = 67 - 52. Let m be b(g). Give p(m).
11
Let l(j) = j**2 + 5*j + 4. Suppose -5*v = -2*y - 477, 195 = 4*v - 2*y - 185. Let n = 93 - v. What is l(n)?
0
Let c(d) be the third derivative of d**5/60 - 13*d**4/12 + 19*d**3/2 - 1603*d**2. What is c(24)?
9
Suppose 0 = -5*c + 172 - 27. Let a(u) = u**2 - 30*u + 19. Calculate a(c).
-10
Suppose 2*s = 2*h + 10, 0 = -4*s + 8*h - 3*h + 23. Let d(k) = -1 + k**3 - 2*k**s + 0*k**2 + 0 + 4*k. Suppose -137*r - 270*r = -1504 + 283. Determine d(r).
20
Let i(v) = -v**2 + 9*v - 6. Suppose s = -3*k + 75, -k - 5*s + 20 = -3*s. Suppose 0 = 14*y - y - k. Let f be (y/4)/((-6)/(-96)). Calculate i(